(-98532)/24630 - v) prime?
False
Suppose 2*q = -5*q - 6*q + 272753. Is q prime?
True
Let g = 110 - 77. Let t = -29 + g. Suppose d - z - 1594 = -t*z, 2*d = -3*z + 3197. Is d composite?
True
Let y(n) be the second derivative of -175*n**3/6 + 27*n**2 + 66*n. Is y(-7) composite?
False
Let o be (-1)/((9/3)/30). Let y be 918 - -6*(-5)/o. Is 0*(1/(-2) + 1) + y a prime number?
False
Let c = -300 - -276. Is c/42 - (-72228)/28 composite?
False
Suppose -19*z + 22*z = 5067. Is z composite?
True
Suppose 3*m + 9 = 3*l, -16 = -2*m - 5*l - 15. Is 7142*((-1)/m)/((-5)/(-25)) a prime number?
False
Let n be (-7 - (-44)/6) + (-16)/3. Is (-18682)/(-8) + -3*n/(-60) a prime number?
False
Let f(c) = 37*c**2 + 176*c + 1. Is f(22) composite?
True
Let p(n) = -19781*n + 6663. Is p(-16) a composite number?
True
Suppose -b = 5*r - 13, 2*r - 10 = -4*b + 3*r. Suppose -z + 22 = b*n, -5*z - 16 = -2*n - n. Let i(x) = -x**3 + 7*x**2 + 8*x + 2. Is i(n) a prime number?
False
Let d(i) = 962*i + 62. Let b(r) = 481*r + 31. Let n(f) = 7*b(f) - 3*d(f). Is n(6) a composite number?
False
Let j be 8/((-3 - 1)/(-4)). Let z be (1702/j)/((-2)/(-8)). Is ((0 - 7)/7)/((-1)/z) a prime number?
False
Suppose 5*u - 2647053 = -s, 0 = -6*s + s - 10. Is u a composite number?
False
Suppose -418*s + 420*s - 175786 = 3*k, 5*s - 5*k = 439480. Is s composite?
True
Let c(s) = 1346*s**2 - 101*s + 589. Is c(6) prime?
False
Let w(j) = j + 10. Let g be w(-5). Suppose -g*u = 38 - 88. Let o = 43 - u. Is o a prime number?
False
Let i be 4 - -1 - (29 + -29). Suppose 3656 = 4*g - i*f, -2*g - 6*f + 1830 = -8*f. Is g composite?
False
Is (3 + -1)/(174/1474563) a prime number?
False
Let u be 8/(-14)*2/(4/(-7)). Suppose 4*w - 1356 = u*j - 518, 5*j = -w - 2062. Let h = -222 - j. Is h prime?
True
Suppose 0 = -6*b - 5*j + 307203, -19103 = 4*b + 5*j - 223900. Is b a prime number?
True
Let f(r) = -22*r**3 + r**2 + 7*r - 5. Is f(-13) a composite number?
False
Let l be (16/12)/(1/(-18)). Let r be ((-203)/6)/(-7) - 4/l. Suppose 0 = -r*t + 5*n + 1230, -5*t - 5*n + 276 = -4*t. Is t a composite number?
False
Is 37436 - ((-4 - -6 - -6)*-1 - -3) a composite number?
False
Let c = -37 + 43. Let i be c/(-8) + (-45)/(-12). Suppose y - 364 = -i*y. Is y composite?
True
Let q = -4 + -2. Let u(n) be the first derivative of 2*n**3/3 + 9*n**2/2 + n + 328. Is u(q) a composite number?
False
Let j(f) be the third derivative of 37*f**4/8 - 25*f**3/6 - 37*f**2. Suppose 48 = 11*c + 4. Is j(c) a composite number?
False
Suppose 2*m - 155839 = -5*l, -155836 = m - 3*m - 2*l. Is m composite?
True
Suppose -n + 244208 = -x - 101516, 6*n = -4*x + 2074374. Is n a composite number?
False
Suppose 3*h - 2557563 = 5*r, -4*r + 876825 = 2*h - 828217. Is h prime?
True
Suppose 0 = 2*k - 0*k + 228. Let n be k*2/(-16) - (-1)/(-4). Is (2302/4)/(n/28) prime?
True
Is 78439 - ((-10)/(-4))/(5/12) composite?
True
Let z = 807796 - -1145863. Is z a prime number?
True
Suppose -2*i + 5*z - 32 = 0, 15 - 37 = i - 4*z. Let s = -20 + 18. Is 6*s/(i/179) a prime number?
False
Suppose -226*g + 98104 = -230*g. Is (-34)/(-119) + (1 - g/7) prime?
False
Let h(t) = 350*t**2 + 307*t + 117. Is h(-28) a composite number?
False
Let b = -198808 - -385649. Is b a prime number?
True
Let c(f) = 266271*f + 3715. Is c(2) a prime number?
False
Let b = 650 - 456. Let h = 2110 - b. Let u = h - 623. Is u a composite number?
True
Let v(j) = 15*j**2 + 33*j - 2111. Is v(-101) a composite number?
False
Suppose 1854 = -2*t + 498. Suppose 4*y - 2985 = y. Let v = y + t. Is v composite?
False
Let w be ((-8)/(-24))/(2/(-6)) - -76. Is (-2)/(-10) + 1088910/w a prime number?
True
Is ((-3)/2)/((-3)/16319)*14 prime?
False
Let m = 629525 + -264856. Is m composite?
False
Suppose 0 = 4*m + w - 889038, 3*m + 3*w - 368610 = 298173. Is m prime?
False
Let p = 77930 - 41577. Is p a prime number?
True
Suppose -4*t - 2*w = -816806, -2*t + 408438 = -10810*w + 10806*w. Is t composite?
True
Suppose 11 = 3*x + 2. Suppose 254 = 3*k + k - 5*g, -x*g + 6 = 0. Let r = k - 40. Is r a composite number?
True
Let r be 48/(5 + 3) - 54260. Let w = -38527 - r. Is w composite?
False
Suppose 66 = 4*y + m, -3*y + 40 = -y - 3*m. Suppose y = 2*b - 13. Suppose 0 = f + z - 1085 - 139, -3*z + b = 0. Is f prime?
False
Let v(c) = 2*c**3 - 14*c**2 - 15*c - 4. Let k be v(8). Suppose -3367 = -0*b - 5*b - g, k*b + 5*g - 2702 = 0. Is b composite?
False
Is (11 - -35)/184 - (1 + (-496927)/4) a prime number?
True
Suppose 15003 = 3*z + 3*j - 49617, -3*z + 5*j + 64628 = 0. Is z composite?
True
Is 923718/18 + -2*2/6 a composite number?
True
Suppose -141*s - 1248 = -4*l - 137*s, -594 = -2*l - 4*s. Is l prime?
True
Is (-2323495 + -2 + 23 + -13)*-1 prime?
False
Let p be 4*4/((-16)/(-62)). Let s = p + 1883. Let j = s + -936. Is j a prime number?
True
Let w be 10/100*-2 - 1/(-5). Suppose w = 4*h - 21433 - 20563. Is h prime?
True
Suppose 83*b - 2410799 = 24*b. Is b prime?
False
Let u = 259614 - 76867. Is u a prime number?
True
Is ((-3)/21 + 297/(-126))*(-4471002)/45 prime?
True
Let s(d) = 1684*d - 161. Is s(30) a composite number?
False
Let t be 1*2*(-82)/4 + -5. Is 9*1549 - (53 + t) a prime number?
False
Let r = -1554 - -6816. Suppose r = 9*y - 6*y. Is y prime?
False
Suppose -2*a = -3*a - 5*w + 5, 15 = 3*a - 3*w. Suppose -2*s + 286 = a*x, -173 = -s + x + 4*x. Suppose -2*b - 59 + s = 0. Is b prime?
True
Let k(z) = 8*z + 20. Let x be k(-2). Suppose 0 = -2*c + g + 13077, 3*g - 5*g + 26142 = x*c. Is c a composite number?
True
Let a(x) be the second derivative of -5*x**3/3 - 19*x**2/2 + 14*x. Is a(-16) a composite number?
True
Suppose -85*z - 26319 = -w - 80*z, -2*w + 4*z = -52626. Is w a prime number?
True
Is (171/(-30)*-5)/((-6)/(-316)) a composite number?
True
Let t(p) = -2049*p**3 - 2*p**2. Suppose 8 = 2*s - k, -7 = -5*k + 3. Suppose -12 = s*x - 7. Is t(x) a composite number?
True
Suppose 0 = 126*b - 120*b - 18. Is 14/21 + 1549/b composite?
True
Let g(k) = -k**2 + 6*k - 3. Let z be g(5). Suppose z*f - 3981 = -d, 0 = d - 6*f + 4*f - 3997. Is d prime?
True
Let y be ((-6)/24)/((-1)/(-20)). Is y - -26*908/4 composite?
False
Suppose 24*n = -10*n + 7953926. Is n a prime number?
True
Suppose -r = 4*z - 29517, -4*r - 36891 = -4*z - z. Is z prime?
False
Suppose 32*p - 34*p - 4*z + 54350 = 0, -6 = 3*z. Is p prime?
True
Is (-42653)/(-6) + (615/(-90) - -7) composite?
False
Suppose 41*t - 35040 - 14488 = 0. Let q = 4038 - 2309. Let u = q - t. Is u prime?
True
Let s(f) be the third derivative of f**6/20 + f**5/5 + 3*f**4/8 - 7*f**3/6 - 71*f**2. Is s(10) a prime number?
True
Suppose 3*w - 2*q + 230 = 2*q, -w + 2*q - 76 = 0. Let z be 4*(w/(-120) - 4/10). Let v(r) = 1639*r - 2. Is v(z) a prime number?
True
Let i = -18731 - -35816. Suppose -i = -7*r - 544. Is r composite?
True
Suppose -43*h = -39846476 + 8713917. Is h composite?
True
Let v(y) = -y**3 + 13*y**2 - 11*y - 11. Let p be v(12). Let j(g) = -179*g - 3 + 44*g - p. Is j(-1) prime?
True
Let g(m) be the third derivative of 979/6*m**3 + 0*m - 1/30*m**5 + 1/24*m**4 + 46*m**2 + 0 - 1/120*m**6. Is g(0) a prime number?
False
Let x = 15480 + -9861. Suppose x = 13*i + 692. Is i a prime number?
True
Suppose 0 = -5*u - 4*x + 284249, -5*u + 5*x = -44159 - 240036. Is u a composite number?
True
Let m = 59 + -77. Let w be 6/(-4)*12/m. Is (0 - w)*1 - -3986 composite?
True
Suppose -4*m - 2*g = 5234 + 3912, -4571 = 2*m - g. Suppose -16*a + 82148 = 38267 - 59911. Let x = a + m. Is x prime?
True
Suppose n - 1 = 3, -4*q - 2*n = -628. Suppose 0 = -3*u - 15, -u + q = 5*k - 6*u. Let m = 765 - k. Is m a prime number?
True
Suppose -376888446 = -283*p + 105*p - 164*p. Is p prime?
False
Suppose -287315 = 101*i - 136*i. Is i composite?
False
Let u = 13 + -8. Suppose -23 = p - 4*q - q, q = u. Suppose 0 = -5*z - 6 + 1, -p*z - 1041 = -r. Is r composite?
False
Is (493830/9 - (-3 + 4))*(1 + 0) a composite number?
False
Let j(a) = 19527*a**3 - 10*a**2 + 41*a - 1. Is j(3) composite?
True
Let a(r) = -2*r**3 - r**2 + 9*r + 4. Let b be a(-4). Let z = -41 + b. Let y = 92 - z. Is y composite?
False
Suppose 9*t + 68532 = 3*j, 0 = 5*j + 72*t - 76*t - 114187. Is j a composite number?
True
Let l = -1570 - 10547. Let c = l + 19718. Is c a prime number?
False
Suppose -2784 = 23*r - 35*r. Suppose -r*m = -240*m + 181544. Is m composite?
True
Let c = 3507 - -8542. Suppose -c